Is 498 a factor of 5875902?
True
Does 6 divide 3203751?
False
Does 140 divide 814237?
False
Is 32890 a multiple of 691?
False
Is 11284475 a multiple of 1675?
True
Is 593946 a multiple of 215?
False
Is 276352 a multiple of 489?
False
Is 11 a factor of 373819?
False
Is 294304 a multiple of 136?
True
Is 23049 a multiple of 4?
False
Is 13 a factor of 133211?
True
Does 12 divide 12295836?
True
Is 116 a factor of 7053612?
True
Is 481 a factor of 302621?
False
Does 7 divide 62475?
True
Is 439295 a multiple of 515?
True
Is 665782 a multiple of 9?
False
Is 27 a factor of 1675215?
True
Is 75 a factor of 9729600?
True
Is 5260378 a multiple of 21?
False
Is 2097238 a multiple of 9?
False
Does 5 divide 582665?
True
Is 4 a factor of 372873?
False
Is 2427089 a multiple of 259?
True
Does 633 divide 316618?
False
Is 1132530 a multiple of 40?
False
Does 4 divide 28756?
True
Is 7 a factor of 1296295?
True
Is 1371440 a multiple of 80?
True
Is 322 a factor of 1260630?
True
Is 109 a factor of 7085?
True
Does 233 divide 100423?
True
Is 9 a factor of 105377?
False
Does 59 divide 1044949?
True
Is 97 a factor of 16878?
True
Does 5 divide 285829?
False
Is 598799 a multiple of 3?
False
Does 44 divide 375453?
False
Is 110072 a multiple of 3?
False
Is 149695 a multiple of 455?
True
Is 32 a factor of 34173?
False
Is 83 a factor of 15116?
False
Is 4562520 a multiple of 268?
False
Is 221254 a multiple of 140?
False
Is 29337 a multiple of 11?
True
Does 770 divide 5537980?
False
Is 93 a factor of 936802?
False
Is 136525 a multiple of 61?
False
Is 608 a factor of 237120?
True
Is 110354 a multiple of 112?
False
Is 205 a factor of 390730?
True
Does 26 divide 1239394?
True
Does 2279 divide 5630763?
False
Is 6 a factor of 106291?
False
Does 262 divide 95887?
False
Does 93 divide 145472?
False
Does 44 divide 76340?
True
Does 595 divide 1638630?
True
Does 13 divide 274534?
True
Is 248 a factor of 1060291?
False
Is 579619 a multiple of 10?
False
Does 7 divide 125023?
False
Is 174 a factor of 3772567?
False
Is 5 a factor of 26998?
False
Does 39 divide 2355042?
False
Is 222949 a multiple of 498?
False
Does 80 divide 698009?
False
Is 39 a factor of 150561?
False
Is 38 a factor of 3611330?
True
Is 67 a factor of 55074?
True
Is 491 a factor of 6260535?
False
Is 1604467 a multiple of 18?
False
Is 248 a factor of 652984?
True
Is 26 a factor of 83642?
True
Is 32 a factor of 29119116?
False
Is 4293656 a multiple of 136?
True
Does 49 divide 530523?
True
Is 13 a factor of 194?
False
Does 404 divide 48884?
True
Does 30 divide 87030?
True
Is 36 a factor of 46656?
True
Is 270 a factor of 7518243?
False
Is 310882 a multiple of 23?
False
Is 81 a factor of 11340?
True
Is 41 a factor of 455469?
True
Is 41065 a multiple of 43?
True
Is 3563290 a multiple of 349?
True
Does 23 divide 37766?
True
Does 176 divide 70400?
True
Is 156 a factor of 434721?
False
Does 15 divide 185552?
False
Does 9 divide 1813320?
True
Does 86 divide 364124?
True
Is 42 a factor of 183792?
True
Does 190 divide 33086?
False
Is 758 a factor of 914906?
True
Does 2475 divide 18362025?
True
Is 16 a factor of 1008432?
True
Is 28 a factor of 87780?
True
Does 3 divide 188471?
False
Is 69166 a multiple of 374?
False
Does 34 divide 311168?
True
Is 58 a factor of 1047364?
True
Is 222900 a multiple of 75?
True
Is 56 a factor of 702072?
True
Is 440271 a multiple of 71?
True
Is 114787 a multiple of 213?
False
Is 133 a factor of 102414?
False
Is 161260 a multiple of 220?
True
Is 190016 even?
True
Does 1485 divide 2215620?
True
Does 62 divide 100474?
False
Is 4912360 a multiple of 40?
True
Is 43 a factor of 365689?
False
Is 1086625 a multiple of 8?
False
Does 42 divide 230345?
False
Is 12101351 a multiple of 23?
False
Is 24 a factor of 10219056?
True
Does 1056 divide 5222618?
False
Is 5840359 a multiple of 7?
True
Does 11 divide 3107?
False
Does 7 divide 34895?
True
Is 106486 a multiple of 22?
False
Does 32 divide 7680?
True
Does 23 divide 331484?
False
Is 162144 a multiple of 343?
False
Is 7374682 a multiple of 905?
False
Does 16 divide 177328?
True
Does 31 divide 5182766?
True
Does 220 divide 44220?
True
Is 1930530 a multiple of 145?
True
Is 22 a factor of 753305?
False
Is 17 a factor of 361437?
True
Does 26 divide 65277?
False
Is 12 a factor of 571285?
False
Does 6 divide 2206026?
True
Is 2033568 a multiple of 18?
True
Is 8915096 a multiple of 1678?
False
Is 178 a factor of 581015?
False
Is 14649 a multiple of 3?
True
Is 382686 a multiple of 3?
True
Is 2 a factor of 63583?
False
Does 14 divide 5236784?
True
Is 162 a factor of 128628?
True
Is 73 a factor of 63832?
False
Is 8 a factor of 126156?
False
Is 315 a multiple of 28?
False
Is 3 a factor of 93522?
True
Is 19 a factor of 424925?
False
Is 104884 a multiple of 26?
True
Is 46 a factor of 2385376?
True
Is 405 a factor of 2237137?
False
Is 7 a factor of 615022?
False
Does 26 divide 107317?
False
Is 80157 a multiple of 77?
True
Is 145340 a multiple of 20?
True
Is 8 a factor of 942060?
False
Is 4085367 a multiple of 19?
False
Is 208364 a multiple of 976?
False
Is 84 a factor of 1293852?
True
Does 7 divide 225323?
True
Is 141 a factor of 163814?
False
Is 506450 a multiple of 216?
False
Is 363 a factor of 170149?
False
Is 196745 a multiple of 19?
True
Does 72 divide 151200?
True
Is 565585 even?
False
Is 251333 a multiple of 4?
False
Is 1156 a factor of 1609341?
False
Is 3166844 a multiple of 26?
False
Does 563 divide 178471?
True
Does 74 divide 601176?
True
Is 9 a factor of 817897?
False
Is 2150160 a multiple of 255?
True
Is 213747 a multiple of 7?
False
Does 82 divide 1474114?
True
Does 2 divide 196344?
True
Does 9 divide 1106784?
True
Is 45 a factor of 692100?
True
Is 278352 a multiple of 203?
False
Is 111 a factor of 3023?
False
Is 43813 a multiple of 7?
True
Is 76 a factor of 2411592?
False
Does 65 divide 165555?
True
Does 263 divide 1720704?
False
Is 277 a factor of 7406703?
True
Is 5282440 a multiple of 90?
False
Does 101 divide 205737?
True
Does 648 divide 2090448?
True
Does 34 divide 346901?
False
Is 642882 a multiple of 654?
True
Is 38 a factor of 948328?
True
Is 1069093 a multiple of 406?
False
Is 229 a factor of 357927?
True
Is 168367 a multiple of 101?
True
Is 2001 a multiple of 14?
False
Is 908089 a multiple of 53?
False
Does 83 divide 124124?
False
Is 22 a factor of 799656?
True
Is 2111768 a multiple of 7?
False
Is 193310 a multiple of 183?
False
Is 10425415 a multiple of 13?
True
Is 602525 a multiple of 11?
True
Does 195 divide 397605?
True
Is 45184 a multiple of 16?
True
Is 18 a factor of 15235956?
True
Does 11 divide 2337838?
False
Is 24 a factor of 359873?
False
Does 198 divide 16112?
False
Is 4975488 a multiple of 293?
False
Is 99 a factor of 2335410?
True
Is 4 a factor of 45243?
False
Does 1212 divide 384428?
False
Is 103 a factor of 7757857?
True
Is 20 a factor of 4829060?
True
Is 315 a factor of 1239905?
False
Does 145 divide 2378212?
False
Is 7210266 a multiple of 80?
False
Does 9 divide 1186206?
False
Is 16944445 a multiple of 1519?
True
Is 29015809 a multiple of 470?
False
Does 2 divide 948368?
True
Is 13 a factor of 113412?
True
Is 9926175 a multiple of 511?
True
Does 8 divide 5134576?
True
Is 32 a factor of 32672?
True
Does 18 divide 54756?
True
Does 319 divide 2613248?
True
Is 253 a factor of 725604?
True
Is 3116587 a multiple of 1174?
False
Is 32 a factor of 224416?
True
Does 1880 divide 23603400?
True
Is 5 a factor of 356669?
False
Is 193565 a multiple of 29?
False
Is 125210 a multiple of 95?
True
Is 13440 a multiple of 60?
True
Is 155916 a multiple of 8?
False
Does 4 divide 515843?
False
Does 4 divide 6563612?
True
Is 1017981 a multiple of 27?
True
Is 14 a factor of 118223?
False
Is 14 a factor of 575479?
False
Is 80 a factor of 5233120?
True
Is 3486462 a multiple of 266?
True
Is 325 a factor of 14966?
False
Is 5278 a multiple of 10?
False
Is 263 a factor of 5605845?
True
Is 182735 a multiple of 7?
True
Does 2 divide 18386?
True
Does 55 divide 3347136?
False
Is 417 a factor of 311622?
False
Does 11 divide 6488373?
False
Is 14 a factor of 38664?
False
Is 644232 a multiple of 6?
True
Is 68732 a multiple of 4?
True
Is 9 a factor of 862113?
False
Does 283 divide 2152781?
True
Is 33 a factor of 151127?
False
Is 355023 a multiple of 487?
True
Does 9 divide 364150?
False
